{"id":990,"date":"2025-03-03T19:35:37","date_gmt":"2025-03-03T22:35:37","guid":{"rendered":"https:\/\/jbjusto-caba.infd.edu.ar\/sitio\/?page_id=990"},"modified":"2025-03-03T19:37:34","modified_gmt":"2025-03-03T22:37:34","slug":"historia-2","status":"publish","type":"page","link":"https:\/\/jbjusto-caba.infd.edu.ar\/sitio\/historia-2\/","title":{"rendered":"Historia"},"content":{"rendered":"\n<p>El 13 de Marzo de 1986, el Ministerio de Educaci\u00f3n y Justicia por medio de la Resoluci\u00f3n 472\/86, dispuso crear el nivel Secundario y el Profesorado del Instituto Juan B Justo. Dicha resoluci\u00f3n fue ratificada por el Decreto del Poder Ejecutivo Nacional N\u00b0 356 del 5 de Marzo de 1987. En este adem\u00e1s, se reconoci\u00f3 a los niveles inicial y primario del Instituto. As\u00ed, en su art\u00edculo 1\u00b0 establec\u00eda \u201ccrear un Instituto Nacional Superior de Formaci\u00f3n Docente que tendr\u00e1 un ciclo superior en las carreras de Psicolog\u00eda y Ciencias de la Educaci\u00f3n, Profesorado de Ense\u00f1anza Primaria y T\u00e9cnico Superior en Cooperativismo, una escuela media y una escuela primaria con jard\u00edn de infantes anexo, debiendo incorporarse como experiencia pedag\u00f3gica la jornada completa en la escuela primaria con nuevas modalidades\u201d. En la misma Resoluci\u00f3n se impuso el nombre de Juan B Justo en homenaje al fundador de la Cooperativa del Hogar Obrero y propulsor del cooperativismo de nuestro pa\u00eds.<\/p>\n\n\n\n<p class=\"has-text-align-center\"><strong>\u00abLa cooperaci\u00f3n libre es la solidaridad para hacer y exige de los asociados un grado mucho m\u00e1s alto de capacidad hist\u00f3rica que la acci\u00f3n gremial negativa de las huelgas\u00bb<\/strong><\/p>\n\n\n\n<p class=\"has-text-align-center\">(Juan B. Justo en \u00abTeor\u00eda y Pr\u00e1ctica de la Historia\u00bb)<\/p>\n\n\n\n<p><\/p>\n","protected":false},"excerpt":{"rendered":"<p>El 13 de Marzo de 1986, el Ministerio de Educaci\u00f3n y Justicia por medio de la Resoluci\u00f3n 472\/86, dispuso crear el nivel Secundario y el Profesorado del Instituto Juan B Justo. Dicha resoluci\u00f3n fue ratificada por el Decreto del Poder Ejecutivo Nacional N\u00b0 356 del 5 de Marzo de 1987. En este adem\u00e1s, se reconoci\u00f3 &#8230; <a title=\"Historia\" class=\"read-more\" href=\"https:\/\/jbjusto-caba.infd.edu.ar\/sitio\/historia-2\/\" aria-label=\"More on Historia\">[+]<\/a><\/p>\n","protected":false},"author":3105,"featured_media":0,"parent":0,"menu_order":0,"comment_status":"closed","ping_status":"closed","template":"","meta":[],"acf":[],"_links":{"self":[{"href":"https:\/\/jbjusto-caba.infd.edu.ar\/sitio\/wp-json\/wp\/v2\/pages\/990"}],"collection":[{"href":"https:\/\/jbjusto-caba.infd.edu.ar\/sitio\/wp-json\/wp\/v2\/pages"}],"about":[{"href":"https:\/\/jbjusto-caba.infd.edu.ar\/sitio\/wp-json\/wp\/v2\/types\/page"}],"author":[{"embeddable":true,"href":"https:\/\/jbjusto-caba.infd.edu.ar\/sitio\/wp-json\/wp\/v2\/users\/3105"}],"replies":[{"embeddable":true,"href":"https:\/\/jbjusto-caba.infd.edu.ar\/sitio\/wp-json\/wp\/v2\/comments?post=990"}],"version-history":[{"count":1,"href":"https:\/\/jbjusto-caba.infd.edu.ar\/sitio\/wp-json\/wp\/v2\/pages\/990\/revisions"}],"predecessor-version":[{"id":991,"href":"https:\/\/jbjusto-caba.infd.edu.ar\/sitio\/wp-json\/wp\/v2\/pages\/990\/revisions\/991"}],"wp:attachment":[{"href":"https:\/\/jbjusto-caba.infd.edu.ar\/sitio\/wp-json\/wp\/v2\/media?parent=990"}],"curies":[{"name":"wp","href":"https:\/\/api.w.org\/{rel}","templated":true}]}}

<p>El 13 de Marzo de 1986, el Ministerio de Educación y Justicia por medio de la Resolución 472/86, dispuso crear el nivel Secundario y el Profesorado del Instituto Juan B Justo. Dicha resolución fue ratificada por el Decreto del Poder Ejecutivo Nacional N° 356 del 5 de Marzo de 1987. En este además, se reconoció a los niveles inicial y primario del Instituto. Así, en su artículo 1° establecía “crear un Instituto Nacional Superior de Formación Docente que tendrá un ciclo superior en las carreras de Psicología y Ciencias de la Educación, Profesorado de Enseñanza Primaria y Técnico Superior en Cooperativismo, una escuela media y una escuela primaria con jardín de infantes anexo, debiendo incorporarse como experiencia pedagógica la jornada completa en la escuela primaria con nuevas modalidades”. En la misma Resolución se impuso el nombre de Juan B Justo en homenaje al fundador de la Cooperativa del Hogar Obrero y propulsor del cooperativismo de nuestro país.</p>



<p class="has-text-align-center"><strong>«La cooperación libre es la solidaridad para hacer y exige de los asociados un grado mucho más alto de capacidad histórica que la acción gremial negativa de las huelgas»</strong></p>



<p class="has-text-align-center">(Juan B. Justo en «Teoría y Práctica de la Historia»)</p>



<p></p>

<p>El 13 de Marzo de 1986, el Ministerio de Educación y Justicia por medio de la Resolución 472/86, dispuso crear el nivel Secundario y el Profesorado del Instituto Juan B Justo. Dicha resolución fue ratificada por el Decreto del Poder Ejecutivo Nacional N° 356 del 5 de Marzo de 1987. En este además, se reconoció &#8230; <a title="Historia" class="read-more" href="https://jbjusto-caba.infd.edu.ar/sitio/historia-2/" aria-label="More on Historia">[+]</a></p>
